{"id":8061,"date":"2017-07-20T08:58:55","date_gmt":"2017-07-20T08:58:55","guid":{"rendered":"https:\/\/larssalvador.com\/bkp2\/?page_id=8061"},"modified":"2020-10-08T19:29:22","modified_gmt":"2020-10-08T19:29:22","slug":"facilities","status":"publish","type":"page","link":"https:\/\/larssalvador.com\/bkp2\/facilities\/","title":{"rendered":"Instala\u00e7\u00f5es"},"content":{"rendered":"<p>[vc_row][vc_column width=&#8221;1\/2&#8243;][vc_column_text]O Lar S. Salvador disp\u00f5e de quartos de tipologia <em>single<\/em>, dupla e de casal. As instala\u00e7\u00f5ees e equipamentos disp\u00f5em de pleno conforto, tranquilidade e seguran\u00e7a, designadamente:<\/p>\n<p>&#8211; Videovigil\u00e2ncia;<br \/>\n&#8211; Climatiza\u00e7\u00e3o;<br \/>\n&#8211; Sala social e de conv\u00edvio;<br \/>\n&#8211; Gabinete m\u00e9dico e de enfermagem;<br \/>\n&#8211; Sala de acompanhamento de fisioterapia e reabilita\u00e7\u00e3o;<br \/>\n&#8211; Sala de Snoezelen;<br \/>\n&#8211; Room Service;<br \/>\n&#8211; Televis\u00e3o;<br \/>\n&#8211; Equipamento geri\u00e1trico adaptado;<br \/>\n&#8211; Lavandaria;<br \/>\n&#8211; Cozinha;<br \/>\n&#8211; Refeit\u00f3rio e \u00c1reas de apoio \u00e0 alimenta\u00e7\u00e3o;<br \/>\n&#8211; Esplanada e jardim;<br \/>\n&#8211; Rece\u00e7\u00e3o;<br \/>\n&#8211; Telefone;<br \/>\n&#8211; Estacionamento privativo.[\/vc_column_text][\/vc_column][vc_column width=&#8221;1\/2&#8243;][vc_images_carousel images=&#8221;8889,8890,8891,8892,8893,8894,8895,8896,8897,8898&#8243; img_size=&#8221;600&#215;338&#8243; onclick=&#8221;link_no&#8221; autoplay=&#8221;yes&#8221; wrap=&#8221;yes&#8221;][\/vc_column][\/vc_row]<\/p>\n","protected":false},"excerpt":{"rendered":"<p>[vc_row][vc_column width=&#8221;1\/2&#8243;][vc_column_text]O Lar S. Salvador disp\u00f5e de quartos de tipologia single, dupla e de casal. As instala\u00e7\u00f5ees e equipamentos disp\u00f5em de pleno conforto, tranquilidade e seguran\u00e7a, designadamente: &#8211; Videovigil\u00e2ncia; &#8211; Climatiza\u00e7\u00e3o; &#8211; Sala social e de conv\u00edvio; &#8211; Gabinete m\u00e9dico e de enfermagem; &#8211; Sala de acompanhamento de fisioterapia e reabilita\u00e7\u00e3o; &#8211; Sala de Snoezelen; [&hellip;]<\/p>\n","protected":false},"author":1,"featured_media":0,"parent":0,"menu_order":0,"comment_status":"closed","ping_status":"closed","template":"","meta":[],"_links":{"self":[{"href":"https:\/\/larssalvador.com\/bkp2\/wp-json\/wp\/v2\/pages\/8061"}],"collection":[{"href":"https:\/\/larssalvador.com\/bkp2\/wp-json\/wp\/v2\/pages"}],"about":[{"href":"https:\/\/larssalvador.com\/bkp2\/wp-json\/wp\/v2\/types\/page"}],"author":[{"embeddable":true,"href":"https:\/\/larssalvador.com\/bkp2\/wp-json\/wp\/v2\/users\/1"}],"replies":[{"embeddable":true,"href":"https:\/\/larssalvador.com\/bkp2\/wp-json\/wp\/v2\/comments?post=8061"}],"version-history":[{"count":2,"href":"https:\/\/larssalvador.com\/bkp2\/wp-json\/wp\/v2\/pages\/8061\/revisions"}],"predecessor-version":[{"id":8899,"href":"https:\/\/larssalvador.com\/bkp2\/wp-json\/wp\/v2\/pages\/8061\/revisions\/8899"}],"wp:attachment":[{"href":"https:\/\/larssalvador.com\/bkp2\/wp-json\/wp\/v2\/media?parent=8061"}],"curies":[{"name":"wp","href":"https:\/\/api.w.org\/{rel}","templated":true}]}}